 Calculate the remainder when (56/35)/(1/65) is divided by u.
34
Let k(r) = 8 + 2 - 2*r + 0*r**3 - r**3 + 7*r**2 - 2. What is the remainder when k(6) is divided by 18?
14
Let y(j) = -3*j - 6. Let p be y(-7). Calculate the remainder when 1770/50 + (-6)/p is divided by 0 + (2 + -2 - -19).
16
Let s(z) = 4*z + 2. Let b be s(0). Suppose 3*m + 4*p - 52 = 2*p, -m = b*p - 12. Calculate the remainder when 39 is divided by m.
19
Suppose 4 = a - 0. What is the remainder when (-1)/(((-3)/a)/3) is divided by (4/18)/((-3)/(-216)*8)?
0
Suppose -3*x - 20 = 52. Let t = 27 - 10. What is the remainder when ((-2)/6)/(4/24)*x is divided by t?
14
Calculate the remainder when 118 is divided by 3 + -3 - ((-43 - -5) + -4).
34
Suppose -2*t + 63 = -5*i, 2*i - 24 - 23 = -3*t. Let k(c) = -5 - 13*c + c**2 + 27*c - t*c. What is the remainder when k(7) is divided by 3?
0
Let m be -5 + -60 - -2*2. Let j = -45 - m. What is the remainder when j is divided by 32/5 + (-2)/5?
4
Let u = 20 + 5. Let l(x) = 4*x**2 - 7*x**2 + 9 + 4*x + x**3 - 7*x**2. Calculate the remainder when l(10) is divided by u.
24
Suppose 107 = -8*m - 301. Let f = m - -100. Suppose -t = -4*p - 29, -3*t + 2*p - 7*p + 19 = 0. What is the remainder when f is divided by t?
10
Let t = 185 - 126. What is the remainder when t is divided by 20?
19
What is the remainder when 145 is divided by (-1 - -2)*(43 - -24)?
11
Suppose 37*r = -19*r + 3864. Calculate the remainder when r is divided by 50.
19
Suppose 5*l - 10*l + 1104 = -m, 2*m = 2*l - 448. What is the remainder when l is divided by 56?
52
Let g = 75 + -80. Calculate the remainder when 36 is divided by (g/4)/(1/(-4)).
1
Let m(v) = 51*v + v**3 - 74*v - 29*v**2 - 1 + 6*v**2. What is the remainder when 45 is divided by m(24)?
22
Let a(u) = -10*u - 4. Let f be a(-3). Let h = f + -23. Suppose h*l - 7*q = -3*q + 236, -4*l - 3*q + 273 = 0. What is the remainder when l is divided by 25?
22
Suppose -10*c - 13 = -n - 8*c, 3*c + 3 = 0. What is the remainder when 30 is divided by n?
8
Let f(u) = -u**3 + 8*u**2 + 3*u - 10. Let g = 63 + -55. What is the remainder when f(g) is divided by 5?
4
Let n = -261 - -273. What is the remainder when 119 is divided by n?
11
Calculate the remainder when (14*-1)/(1/(-5)) is divided by (-192)/(-768) - (150/(-8) + 1).
16
Suppose 4*z + 1 - 21 = 0. Suppose -2*h - 2*w + 16 = 0, 0*w - 10 = -5*h + z*w. What is the remainder when h is divided by 4?
1
Let b = -3 - -15. Let o(h) = h**2 + 7*h - 4. Let s be o(-8). Suppose 0 = -s*v + 85 + 3. What is the remainder when v is divided by b?
10
Let r = -53 - -95. Let q(a) = a**3 + 2*a**2 + a - 7. What is the remainder when r is divided by q(2)?
9
Calculate the remainder when 272 is divided by ((-25)/(-5) - -2)*46/7.
42
Suppose 4*r - 4*o - 220 = 0, 4*r - 218 = 5*o - 2*o. Calculate the remainder when r is divided by 9.
8
Suppose -2*w = 5*p - 2100, 3*p - 2*w - 1261 = -3*w. Calculate the remainder when p is divided by 54.
44
Let p(s) = s**3 + 15*s**2 + 14*s + 5. Let y be p(-14). Suppose 0 = -b + y*b - 32. What is the remainder when 22 is divided by b?
6
Suppose 0*z - 3*z + 60 = 3*r, z = 3*r. Calculate the remainder when 66 is divided by z.
6
Suppose -3*o - 190 = -u, -5*u + 198 = -4*u - o. What is the remainder when u is divided by 51?
49
Let w(y) = y**2 - 7*y + 4. Let n be w(5). Calculate the remainder when (-66)/(-4) + 60/8 + n is divided by 11.
7
Let v be 134/4 - (-5)/10. Suppose -26*k + v = -24*k. What is the remainder when 47 is divided by k?
13
Let i(g) = 11*g**2 - 44*g + 447. Calculate the remainder when i(16) is divided by 32.
31
Let b(z) = -z + 46. Calculate the remainder when b(-46) is divided by 55.
37
Suppose 2*l + 4 = -0*l, l + 1 = -i. Calculate the remainder when 24 is divided by i.
0
Let a = 827 - 789. What is the remainder when a is divided by 26/1 - (3 + -1)?
14
Let f(q) = 23*q + 11. Let m be f(3). Let d = m - 29. What is the remainder when d is divided by 13?
12
Let k(x) = x**3 + 29*x**2 + 79*x + 59. What is the remainder when 296 is divided by k(-26)?
32
Suppose -50 = 2*a - 0*a. Let z = 40 + a. Let k = -8 + z. Calculate the remainder when 33 is divided by k.
5
Suppose -5*y = 4*j - 39, -4*y + j + 26 = -2*y. Calculate the remainder when 19 is divided by y.
8
Suppose -425 = 4*y - 21*y. Calculate the remainder when y is divided by 9.
7
Let q = -497 - -514. What is the remainder when 45 is divided by q?
11
Let f(o) = o**3 + 6*o**2 - 5*o + 3. Calculate the remainder when 76 is divided by f(-6).
10
Let t(m) = -13*m - 58 + 11 + 5*m + 12*m. What is the remainder when 8 is divided by t(13)?
3
Let p be (-4)/(-18) - (-112)/63. Let v(s) = 11*s + 3. Calculate the remainder when v(p) is divided by 14.
11
Let m = 818 + -762. Calculate the remainder when 196 is divided by m.
28
Suppose -45*p = -9217 + 2017. Calculate the remainder when p is divided by 18.
16
Let h(q) = q**2 + q - 4. Suppose 32*y - 526 + 78 = 0. Calculate the remainder when y is divided by h(-3).
0
Let x = -38 + 34. Let r = 9 - x. What is the remainder when 50 is divided by r?
11
Let l = 204 - 192. Calculate the remainder when 20 is divided by l.
8
Let a(u) = u**2 - 6*u - 66. Calculate the remainder when 99 is divided by a(13).
24
Suppose -345 = -2*d + 3*o, 0 = -d - d - 5*o + 321. Calculate the remainder when d is divided by 5.
3
Calculate the remainder when 7155/81*(-12)/(-10) is divided by 70.
36
Let b(z) = 2*z + 6. Let r be b(-6). Let s = 6 - r. What is the remainder when 29 is divided by 2/s - 665/(-42)?
13
Let u = -142 + 152. Suppose 0 = 2*x + u, -50 = -r - 4*r + x. What is the remainder when 70 is divided by r?
7
What is the remainder when 54 is divided by 66/(-121) + (-1784)/(-44)?
14
Suppose -3*o = -24 + 6. What is the remainder when 3/o*(1 + 247) is divided by 25?
24
Calculate the remainder when ((-4)/(-1))/(1/4) is divided by ((-9)/(-6))/(2/12).
7
Let v be 0/2 + -1 + (2 - -1). Calculate the remainder when (884/(-91))/(v/(-7)) is divided by 10.
4
Let q = 981 + -681. Suppose -6*g = -12*g + q. What is the remainder when g is divided by 13?
11
Suppose 20 = -13*y + 17*y. Suppose y*r - 41 = 3*c, 5*c - 11 = 3*r - 6*r. Suppose 0 = t - 3*t + 52. Calculate the remainder when t is divided by r.
5
Let a = -11 - -27. Let i(g) = g**2 - 2*g - 2. What is the remainder when i(13) is divided by a?
13
Suppose 10*p - 278 = -38. Calculate the remainder when p is divided by 11.
2
Calculate the remainder when 150 is divided by (-2800)/(-75) + (-2)/(-3).
36
Suppose -3*p = 4*p. Suppose 4*i + y - 3*y - 110 = p, -5*i + 150 = -5*y. What is the remainder when 73 is divided by i?
23
Let f(m) = m**2 + 7*m - 7. Let h be f(-9). Let s = h - 9. Let k = s - -31. What is the remainder when 129 is divided by k?
30
Let a be 2 + -2 + 4 + 2. Suppose a = 2*t, 2*t = 4*v + 55 + 71. What is the remainder when ((-50)/(-15))/((-4)/v) is divided by 7?
4
Suppose 267 = 5*d - 13. Let r = d - 43. Calculate the remainder when 38 is divided by r.
12
Suppose -65 = -2*p - 5*t, -3*p - 117 = -6*p - t. Let b(k) = 22*k - k**2 - 8*k**2 + 8*k**2 - 43. What is the remainder when p is divided by b(19)?
12
Let j = 93 - 58. Let h = 12 - 2. Suppose 81 = h*b - b. Calculate the remainder when j is divided by b.
8
Let c = -4 + 3. Calculate the remainder when 15 is divided by (5 - c)/(15/20).
7
Let k(w) = -w**3 + 15*w**2 - 47*w - 10. What is the remainder when 141 is divided by k(6)?
13
Let a = 89 + -56. Suppose -15*m - 29*m = -880. What is the remainder when a is divided by m?
13
Suppose -3*y - 6 = -4*z, 2*z + 2 + 0 = 4*y. What is the remainder when 50 is divided by y/12 - 77/(-6)?
11
Suppose -6*b = 6*b - 60. What is the remainder when 6 is divided by b?
1
Let d(f) = -f**3 + 6*f**2 + 4*f - 3. What is the remainder when d(6) is divided by (-4 + 24)*4/10?
5
Suppose -112*z - 3*m + 520 = -107*z, 3*m = 4*z - 443. Calculate the remainder when z is divided by 40.
27
Suppose 3*o - 5*y = 273, -4*o + 4*y + 476 - 112 = 0. Calculate the remainder when o is divided by 38.
15
Let q(d) = -3*d**3 + d - 7. Let g(s) = -16*s**3 - s**2 + 6*s - 35. Let p(y) = 2*g(y) - 11*q(y). Calculate the remainder when 74 is divided by p(3).
17
Let k(h) = h**2 - 53*h - 148. Let g = 47 + -34. Calculate the remainder when k(-3) is divided by g.
7
Let w(s) = 4*s - 1. Let n(h) = -16*h + 4. Let j(q) = 2*n(q) + 9*w(q). Let o be j(1). Suppose 